{"id":1025,"date":"2017-04-05T19:36:19","date_gmt":"2017-04-05T17:36:19","guid":{"rendered":"http:\/\/www.jaks-tattoo.at\/?page_id=1025"},"modified":"2025-03-04T08:53:15","modified_gmt":"2025-03-04T07:53:15","slug":"impressum-2","status":"publish","type":"page","link":"http:\/\/www.jaks-tattoo.at\/?page_id=1025","title":{"rendered":"Impressum"},"content":{"rendered":"<p><strong>JAKS &#8211; Tattoo &amp; Piercing<br \/>\n<\/strong> Thomas Hanny<\/p>\n<p>Hauptstrasse 8<br \/>\n2340 M\u00f6dling<\/p>\n<p>E-Mail: <span style=\"color: #0066cc;\"><a href=\"mailto:info@jaks-tattoo.at\">info@jaks-tattoo.at<\/a><\/span><br \/>\nInternet: <a href=\"http:\/\/jaks-tattoo.at\/\" target=\"_blank\" rel=\"noopener\"><span style=\"color: #0066cc;\">http:\/\/jaks-tatto.at<\/span><\/a><\/p>\n<p>Umsatzsteuer-Identifikationsnummer gem\u00e4\u00df \u00a7 27a Umsatzsteuergesetz: ATU43338508<\/p>\n<p><strong>Haftungsausschlu\u00df<\/strong><\/p>\n<p>Aus den Inhalten dieser Webseite ergeben sich keinerlei Rechtsanspr\u00fcche. Fehler im Inhalt werden bei Kenntnisdar\u00fcber korrigiert. Die Angaben, die \u00fcber diese Website zur Verf\u00fcgung gestellt werden, dienen ausschlie\u00dflich der allgemeinen Informationen der \u00d6ffentlichkeit und sind daher unverbindlich. Die Inhalte der Internetseiten k\u00f6nnen durch zeitverz\u00f6gerte Aktualisierung nicht permanent aktuell sein.<\/p>\n<p>Die T\u00e4towierer arbeiten alle selbst\u00e4ndig erwerbst\u00e4tig. Nur der T\u00e4towierer haftet \u00fcber die von ihm erbrachte Leistung.<\/p>\n<p>JAKS &#8211; Tattoo &amp; Piercing (Thomas Hanny) \u00fcbernimmt keine Haftung \u00fcber die Leistung der selbst\u00e4ndig erwerbst\u00e4tigen T\u00e4towierer.<\/p>\n","protected":false},"excerpt":{"rendered":"<p>JAKS &#8211; Tattoo &amp; Piercing Thomas Hanny Hauptstrasse 8 2340 M\u00f6dling E-Mail: info@jaks-tattoo.at Internet: http:\/\/jaks-tatto.at Umsatzsteuer-Identifikationsnummer gem\u00e4\u00df \u00a7 27a Umsatzsteuergesetz: ATU43338508 Haftungsausschlu\u00df Aus den Inhalten dieser Webseite ergeben sich keinerlei Rechtsanspr\u00fcche. Fehler im Inhalt werden bei Kenntnisdar\u00fcber korrigiert. Die Angaben, die \u00fcber diese Website zur Verf\u00fcgung gestellt werden, dienen ausschlie\u00dflich der allgemeinen Informationen der \u00d6ffentlichkeit <a href=\"http:\/\/www.jaks-tattoo.at\/?page_id=1025\" rel=\"nofollow\"><span class=\"sr-only\">Read more about Impressum<\/span>[&hellip;]<\/a><\/p>\n","protected":false},"author":1,"featured_media":0,"parent":0,"menu_order":0,"comment_status":"closed","ping_status":"closed","template":"template-fullwidth.php","meta":{"spay_email":""},"jetpack_shortlink":"https:\/\/wp.me\/P8CGQx-gx","_links":{"self":[{"href":"http:\/\/www.jaks-tattoo.at\/index.php?rest_route=\/wp\/v2\/pages\/1025"}],"collection":[{"href":"http:\/\/www.jaks-tattoo.at\/index.php?rest_route=\/wp\/v2\/pages"}],"about":[{"href":"http:\/\/www.jaks-tattoo.at\/index.php?rest_route=\/wp\/v2\/types\/page"}],"author":[{"embeddable":true,"href":"http:\/\/www.jaks-tattoo.at\/index.php?rest_route=\/wp\/v2\/users\/1"}],"replies":[{"embeddable":true,"href":"http:\/\/www.jaks-tattoo.at\/index.php?rest_route=%2Fwp%2Fv2%2Fcomments&post=1025"}],"version-history":[{"count":7,"href":"http:\/\/www.jaks-tattoo.at\/index.php?rest_route=\/wp\/v2\/pages\/1025\/revisions"}],"predecessor-version":[{"id":7647,"href":"http:\/\/www.jaks-tattoo.at\/index.php?rest_route=\/wp\/v2\/pages\/1025\/revisions\/7647"}],"wp:attachment":[{"href":"http:\/\/www.jaks-tattoo.at\/index.php?rest_route=%2Fwp%2Fv2%2Fmedia&parent=1025"}],"curies":[{"name":"wp","href":"https:\/\/api.w.org\/{rel}","templated":true}]}}